{"id":553,"date":"2017-05-01T15:02:00","date_gmt":"2017-05-01T14:02:00","guid":{"rendered":"http:\/\/www.belpom.be\/wp2\/?page_id=553"},"modified":"2023-07-27T17:01:39","modified_gmt":"2023-07-27T16:01:39","slug":"dpacks","status":"publish","type":"page","link":"https:\/\/belpom.be\/wp2\/dpacks\/","title":{"rendered":"2,5 kg"},"content":{"rendered":"<div id=\"pl-553\"  class=\"panel-layout\" ><div id=\"pg-553-0\"  class=\"panel-grid panel-has-style\" ><div class=\"siteorigin-panels-stretch panel-row-style panel-row-style-for-553-0\" data-stretch-type=\"full-stretched\" ><div id=\"pgc-553-0-0\"  class=\"panel-grid-cell panel-grid-cell-empty\" ><\/div><div id=\"pgc-553-0-1\"  class=\"panel-grid-cell panel-grid-cell-mobile-last\" ><div id=\"panel-553-0-1-0\" class=\"so-panel widget widget_sow-headline panel-first-child panel-last-child\" data-index=\"0\" ><div class=\"panel-widget-style panel-widget-style-for-553-0-1-0\" ><div\n\t\t\t\n\t\t\tclass=\"so-widget-sow-headline so-widget-sow-headline-default-f11b5908ae2f-553 so-widget-fittext-wrapper\"\n\t\t\t data-fit-text-compressor=\"0.85\"\n\t\t><div class=\"sow-headline-container \">\n\t\t\t\t\t\t\t<h3 class=\"sow-sub-headline\">\n\t\t\t\t\t\t  Une gamme \u00e9tendue de 1 kg, 2,5 kg et 5 kg. Le D'Pack, un emballage au go\u00fbt du jour avec : une large bande imprim\u00e9e pour une communication optimale des informations destin\u00e9es au consommateur, une poign\u00e9e pour un transport ais\u00e9, un filet pour une bonne ventilation de la pomme de terre.\t\t\t\t\t\t<\/h3>\n\t\t\t\t\t\t\t\t\t\t\t<div class=\"decoration\">\n\t\t\t\t\t\t<div class=\"decoration-inside\"><\/div>\n\t\t\t\t\t<\/div>\n\t\t\t\t\t<\/div>\n<\/div><\/div><\/div><\/div><div id=\"pgc-553-0-2\"  class=\"panel-grid-cell panel-grid-cell-empty\" ><\/div><\/div><\/div><div id=\"pg-553-1\"  class=\"panel-grid panel-has-style\" ><div class=\"siteorigin-panels-stretch panel-row-style panel-row-style-for-553-1\" data-stretch-type=\"full-stretched\" ><div id=\"pgc-553-1-0\"  class=\"panel-grid-cell panel-grid-cell-empty\" ><\/div><div id=\"pgc-553-1-1\"  class=\"panel-grid-cell\" ><div id=\"panel-553-1-1-0\" class=\"so-panel widget widget_text panel-first-child\" data-index=\"1\" >\t\t\t<div class=\"textwidget\"><p><img loading=\"lazy\" decoding=\"async\" class=\"alignnone size-medium wp-image-1258\" src=\"https:\/\/belpom.be\/wp2\/wp-content\/uploads\/2017\/07\/La-chair-ferme-Dpack-213x300.png\" alt=\"\" width=\"213\" height=\"300\" srcset=\"https:\/\/belpom.be\/wp2\/wp-content\/uploads\/2017\/07\/La-chair-ferme-Dpack-213x300.png 213w, https:\/\/belpom.be\/wp2\/wp-content\/uploads\/2017\/07\/La-chair-ferme-Dpack.png 728w\" sizes=\"auto, (max-width: 213px) 100vw, 213px\" \/><\/p>\n<\/div>\n\t\t<\/div><div id=\"panel-553-1-1-1\" class=\"so-panel widget widget_sow-headline panel-last-child\" data-index=\"2\" ><div\n\t\t\t\n\t\t\tclass=\"so-widget-sow-headline so-widget-sow-headline-default-f11b5908ae2f-553\"\n\t\t\t\n\t\t><div class=\"sow-headline-container \">\n\t\t\t\t\t\t\t<h1 class=\"sow-headline\">\n\t\t\t\t\t\tLa Chair Ferme\t\t\t\t\t\t<\/h1>\n\t\t\t\t\t\t\t\t\t\t\t<div class=\"decoration\">\n\t\t\t\t\t\t<div class=\"decoration-inside\"><\/div>\n\t\t\t\t\t<\/div>\n\t\t\t\t\t<\/div>\n<\/div><\/div><\/div><div id=\"pgc-553-1-2\"  class=\"panel-grid-cell\" ><div id=\"panel-553-1-2-0\" class=\"so-panel widget widget_text panel-first-child\" data-index=\"3\" >\t\t\t<div class=\"textwidget\"><p><img loading=\"lazy\" decoding=\"async\" class=\"alignnone size-medium wp-image-1259\" src=\"https:\/\/belpom.be\/wp2\/wp-content\/uploads\/2017\/07\/Sp\u00e9cial-frites-Dpack-213x300.png\" alt=\"\" width=\"213\" height=\"300\" srcset=\"https:\/\/belpom.be\/wp2\/wp-content\/uploads\/2017\/07\/Sp\u00e9cial-frites-Dpack-213x300.png 213w, https:\/\/belpom.be\/wp2\/wp-content\/uploads\/2017\/07\/Sp\u00e9cial-frites-Dpack.png 728w\" sizes=\"auto, (max-width: 213px) 100vw, 213px\" \/><\/p>\n<\/div>\n\t\t<\/div><div id=\"panel-553-1-2-1\" class=\"so-panel widget widget_sow-headline panel-last-child\" data-index=\"4\" ><div\n\t\t\t\n\t\t\tclass=\"so-widget-sow-headline so-widget-sow-headline-default-f11b5908ae2f-553\"\n\t\t\t\n\t\t><div class=\"sow-headline-container \">\n\t\t\t\t\t\t\t<h1 class=\"sow-headline\">\n\t\t\t\t\t\tSp\u00e9cial Frites\t\t\t\t\t\t<\/h1>\n\t\t\t\t\t\t\t\t\t\t\t<div class=\"decoration\">\n\t\t\t\t\t\t<div class=\"decoration-inside\"><\/div>\n\t\t\t\t\t<\/div>\n\t\t\t\t\t<\/div>\n<\/div><\/div><\/div><div id=\"pgc-553-1-3\"  class=\"panel-grid-cell panel-grid-cell-mobile-last\" ><div id=\"panel-553-1-3-0\" class=\"so-panel widget widget_text panel-first-child\" data-index=\"5\" >\t\t\t<div class=\"textwidget\"><p><img loading=\"lazy\" decoding=\"async\" class=\"alignnone size-medium wp-image-1260\" src=\"https:\/\/belpom.be\/wp2\/wp-content\/uploads\/2017\/07\/La-Tendre-Dpack-213x300.png\" alt=\"\" width=\"213\" height=\"300\" srcset=\"https:\/\/belpom.be\/wp2\/wp-content\/uploads\/2017\/07\/La-Tendre-Dpack-213x300.png 213w, https:\/\/belpom.be\/wp2\/wp-content\/uploads\/2017\/07\/La-Tendre-Dpack.png 728w\" sizes=\"auto, (max-width: 213px) 100vw, 213px\" \/><\/p>\n<\/div>\n\t\t<\/div><div id=\"panel-553-1-3-1\" class=\"so-panel widget widget_sow-headline panel-last-child\" data-index=\"6\" ><div\n\t\t\t\n\t\t\tclass=\"so-widget-sow-headline so-widget-sow-headline-default-f11b5908ae2f-553\"\n\t\t\t\n\t\t><div class=\"sow-headline-container \">\n\t\t\t\t\t\t\t<h1 class=\"sow-headline\">\n\t\t\t\t\t\tLa Tendre\t\t\t\t\t\t<\/h1>\n\t\t\t\t\t\t\t\t\t\t\t<div class=\"decoration\">\n\t\t\t\t\t\t<div class=\"decoration-inside\"><\/div>\n\t\t\t\t\t<\/div>\n\t\t\t\t\t<\/div>\n<\/div><\/div><\/div><div id=\"pgc-553-1-4\"  class=\"panel-grid-cell panel-grid-cell-empty\" ><\/div><\/div><\/div><div id=\"pg-553-2\"  class=\"panel-grid panel-has-style\" ><div class=\"siteorigin-panels-stretch panel-row-style panel-row-style-for-553-2\" data-stretch-type=\"full-stretched\" ><div id=\"pgc-553-2-0\"  class=\"panel-grid-cell panel-grid-cell-empty\" ><\/div><div id=\"pgc-553-2-1\"  class=\"panel-grid-cell\" ><div id=\"panel-553-2-1-0\" class=\"so-panel widget widget_text panel-first-child\" data-index=\"7\" >\t\t\t<div class=\"textwidget\"><p><img loading=\"lazy\" decoding=\"async\" class=\"alignnone size-medium wp-image-1261\" src=\"https:\/\/belpom.be\/wp2\/wp-content\/uploads\/2017\/07\/Barbecue-raclette-Dpack-213x300.png\" alt=\"\" width=\"213\" height=\"300\" srcset=\"https:\/\/belpom.be\/wp2\/wp-content\/uploads\/2017\/07\/Barbecue-raclette-Dpack-213x300.png 213w, https:\/\/belpom.be\/wp2\/wp-content\/uploads\/2017\/07\/Barbecue-raclette-Dpack.png 728w\" sizes=\"auto, (max-width: 213px) 100vw, 213px\" \/><\/p>\n<\/div>\n\t\t<\/div><div id=\"panel-553-2-1-1\" class=\"so-panel widget widget_sow-headline panel-last-child\" data-index=\"8\" ><div\n\t\t\t\n\t\t\tclass=\"so-widget-sow-headline so-widget-sow-headline-default-f11b5908ae2f-553\"\n\t\t\t\n\t\t><div class=\"sow-headline-container \">\n\t\t\t\t\t\t\t<h1 class=\"sow-headline\">\n\t\t\t\t\t\tBarbecue Raclette\t\t\t\t\t\t<\/h1>\n\t\t\t\t\t\t\t\t\t\t\t<div class=\"decoration\">\n\t\t\t\t\t\t<div class=\"decoration-inside\"><\/div>\n\t\t\t\t\t<\/div>\n\t\t\t\t\t<\/div>\n<\/div><\/div><\/div><div id=\"pgc-553-2-2\"  class=\"panel-grid-cell\" ><div id=\"panel-553-2-2-0\" class=\"so-panel widget widget_text panel-first-child\" data-index=\"9\" >\t\t\t<div class=\"textwidget\"><p><img loading=\"lazy\" decoding=\"async\" class=\"alignnone size-medium wp-image-1262\" src=\"https:\/\/belpom.be\/wp2\/wp-content\/uploads\/2017\/07\/Biologique-Dpack-213x300.png\" alt=\"\" width=\"213\" height=\"300\" srcset=\"https:\/\/belpom.be\/wp2\/wp-content\/uploads\/2017\/07\/Biologique-Dpack-213x300.png 213w, https:\/\/belpom.be\/wp2\/wp-content\/uploads\/2017\/07\/Biologique-Dpack.png 728w\" sizes=\"auto, (max-width: 213px) 100vw, 213px\" \/><\/p>\n<\/div>\n\t\t<\/div><div id=\"panel-553-2-2-1\" class=\"so-panel widget widget_sow-headline panel-last-child\" data-index=\"10\" ><div\n\t\t\t\n\t\t\tclass=\"so-widget-sow-headline so-widget-sow-headline-default-f11b5908ae2f-553\"\n\t\t\t\n\t\t><div class=\"sow-headline-container \">\n\t\t\t\t\t\t\t<h1 class=\"sow-headline\">\n\t\t\t\t\t\tBiologique\t\t\t\t\t\t<\/h1>\n\t\t\t\t\t\t\t\t\t\t\t<div class=\"decoration\">\n\t\t\t\t\t\t<div class=\"decoration-inside\"><\/div>\n\t\t\t\t\t<\/div>\n\t\t\t\t\t<\/div>\n<\/div><\/div><\/div><div id=\"pgc-553-2-3\"  class=\"panel-grid-cell panel-grid-cell-mobile-last\" ><div id=\"panel-553-2-3-0\" class=\"so-panel widget widget_text panel-first-child\" data-index=\"11\" >\t\t\t<div class=\"textwidget\"><p><img loading=\"lazy\" decoding=\"async\" class=\"alignnone size-medium wp-image-1143\" src=\"https:\/\/belpom.be\/wp2\/wp-content\/uploads\/2017\/06\/Charlotte-Dpack-1-213x300.png\" alt=\"\" width=\"213\" height=\"300\" srcset=\"https:\/\/belpom.be\/wp2\/wp-content\/uploads\/2017\/06\/Charlotte-Dpack-1-213x300.png 213w, https:\/\/belpom.be\/wp2\/wp-content\/uploads\/2017\/06\/Charlotte-Dpack-1.png 728w\" sizes=\"auto, (max-width: 213px) 100vw, 213px\" \/><\/p>\n<\/div>\n\t\t<\/div><div id=\"panel-553-2-3-1\" class=\"so-panel widget widget_sow-headline panel-last-child\" data-index=\"12\" ><div\n\t\t\t\n\t\t\tclass=\"so-widget-sow-headline so-widget-sow-headline-default-f11b5908ae2f-553\"\n\t\t\t\n\t\t><div class=\"sow-headline-container \">\n\t\t\t\t\t\t\t<h1 class=\"sow-headline\">\n\t\t\t\t\t\tCharlotte\t\t\t\t\t\t<\/h1>\n\t\t\t\t\t\t\t\t\t\t\t<div class=\"decoration\">\n\t\t\t\t\t\t<div class=\"decoration-inside\"><\/div>\n\t\t\t\t\t<\/div>\n\t\t\t\t\t<\/div>\n<\/div><\/div><\/div><div id=\"pgc-553-2-4\"  class=\"panel-grid-cell panel-grid-cell-empty\" ><\/div><\/div><\/div><div id=\"pg-553-3\"  class=\"panel-grid panel-has-style\" ><div class=\"siteorigin-panels-stretch panel-row-style panel-row-style-for-553-3\" data-stretch-type=\"full-stretched\" ><div id=\"pgc-553-3-0\"  class=\"panel-grid-cell panel-grid-cell-empty\" ><\/div><div id=\"pgc-553-3-1\"  class=\"panel-grid-cell panel-grid-cell-empty\" ><\/div><div id=\"pgc-553-3-2\"  class=\"panel-grid-cell\" ><div id=\"panel-553-3-2-0\" class=\"so-panel widget widget_text panel-first-child\" data-index=\"13\" >\t\t\t<div class=\"textwidget\"><p><img loading=\"lazy\" decoding=\"async\" class=\"alignnone size-medium wp-image-1259\" src=\"https:\/\/belpom.be\/wp2\/wp-content\/uploads\/2017\/07\/Sp\u00e9cial-frites-Dpack-213x300.png\" alt=\"\" width=\"213\" height=\"300\" srcset=\"https:\/\/belpom.be\/wp2\/wp-content\/uploads\/2017\/07\/Sp\u00e9cial-frites-Dpack-213x300.png 213w, https:\/\/belpom.be\/wp2\/wp-content\/uploads\/2017\/07\/Sp\u00e9cial-frites-Dpack.png 728w\" sizes=\"auto, (max-width: 213px) 100vw, 213px\" \/><\/p>\n<\/div>\n\t\t<\/div><div id=\"panel-553-3-2-1\" class=\"so-panel widget widget_sow-headline panel-last-child\" data-index=\"14\" ><div\n\t\t\t\n\t\t\tclass=\"so-widget-sow-headline so-widget-sow-headline-default-f11b5908ae2f-553\"\n\t\t\t\n\t\t><div class=\"sow-headline-container \">\n\t\t\t\t\t\t\t<h1 class=\"sow-headline\">\n\t\t\t\t\t\tNicola\t\t\t\t\t\t<\/h1>\n\t\t\t\t\t\t\t\t\t\t\t<div class=\"decoration\">\n\t\t\t\t\t\t<div class=\"decoration-inside\"><\/div>\n\t\t\t\t\t<\/div>\n\t\t\t\t\t<\/div>\n<\/div><\/div><\/div><div id=\"pgc-553-3-3\"  class=\"panel-grid-cell panel-grid-cell-empty panel-grid-cell-mobile-last\" ><\/div><div id=\"pgc-553-3-4\"  class=\"panel-grid-cell panel-grid-cell-empty\" ><\/div><\/div><\/div><\/div>","protected":false},"excerpt":{"rendered":"<p>Une gamme \u00e9tendue de 1 kg, 2,5 kg et 5 kg. Le D&rsquo;Pack, un emballage au go\u00fbt du jour avec : une large bande imprim\u00e9e pour une communication optimale des informations destin\u00e9es au consommateur, une poign\u00e9e pour un transport ais\u00e9, un filet pour une bonne ventilation de la pomme de terre. La Chair Ferme Sp\u00e9cial &hellip; <\/p>\n<p class=\"link-more\"><a href=\"https:\/\/belpom.be\/wp2\/dpacks\/\" class=\"more-link\">Continuer la lecture<span class=\"screen-reader-text\"> de &laquo;&nbsp;2,5 kg&nbsp;&raquo;<\/span><\/a><\/p>\n","protected":false},"author":4,"featured_media":0,"parent":0,"menu_order":3,"comment_status":"closed","ping_status":"closed","template":"","meta":{"footnotes":""},"class_list":["post-553","page","type-page","status-publish","hentry"],"_links":{"self":[{"href":"https:\/\/belpom.be\/wp2\/wp-json\/wp\/v2\/pages\/553","targetHints":{"allow":["GET"]}}],"collection":[{"href":"https:\/\/belpom.be\/wp2\/wp-json\/wp\/v2\/pages"}],"about":[{"href":"https:\/\/belpom.be\/wp2\/wp-json\/wp\/v2\/types\/page"}],"author":[{"embeddable":true,"href":"https:\/\/belpom.be\/wp2\/wp-json\/wp\/v2\/users\/4"}],"replies":[{"embeddable":true,"href":"https:\/\/belpom.be\/wp2\/wp-json\/wp\/v2\/comments?post=553"}],"version-history":[{"count":65,"href":"https:\/\/belpom.be\/wp2\/wp-json\/wp\/v2\/pages\/553\/revisions"}],"predecessor-version":[{"id":1443,"href":"https:\/\/belpom.be\/wp2\/wp-json\/wp\/v2\/pages\/553\/revisions\/1443"}],"wp:attachment":[{"href":"https:\/\/belpom.be\/wp2\/wp-json\/wp\/v2\/media?parent=553"}],"curies":[{"name":"wp","href":"https:\/\/api.w.org\/{rel}","templated":true}]}}